{"id":2095,"date":"2024-06-04T09:50:16","date_gmt":"2024-06-04T09:50:16","guid":{"rendered":"https:\/\/en.nailympia.asia\/?page_id=2095"},"modified":"2024-06-04T10:05:37","modified_gmt":"2024-06-04T10:05:37","slug":"nailympia-vietnam-2024-gel-polish-manicure","status":"publish","type":"page","link":"https:\/\/en.nailympia.asia\/index.php\/nailympia-vietnam-2024-gel-polish-manicure\/","title":{"rendered":"NAILYMPIA VIETNAM 2024 &#8211; GEL POLISH MANICURE"},"content":{"rendered":"\n<div class=\"wp-block-group is-layout-constrained wp-container-core-group-layout-1 wp-block-group-is-layout-constrained\">\n<p class=\"has-text-align-center has-large-font-size\"><strong>NAILYMPIA VIETNAM 2024 &#8211; GEL POLISH MANICURE<\/strong><\/p>\n\n\n\n<p class=\"has-text-align-center has-large-font-size\"><strong>Division 1<\/strong><br><strong>. 3rd<\/strong> Mai Ng\u1ecdc \u2013 Vietnam<br><strong>. 2nd<\/strong> L\u00fd B\u00edch Ch\u00e2u \u2013 Vietnam<br><strong>. 1st<\/strong> L\u00ea Kh\u00e1nh \u2013 Vietnam<\/p>\n\n\n\n<p class=\"has-text-align-center has-large-font-size\"><strong>Division 2<\/strong><br><strong>. 3rd<\/strong> Le Anh \u2013 Vietnam<br><strong>. 2nd<\/strong> Nguyen Ngoc Phuong \u2013 Vietnam<br><strong>. 1st<\/strong> Nguy\u1ec5n H\u1ed3ng Ng\u1ecdc \u2013 Vietnam<\/p>\n\n\n\n<p class=\"has-text-align-center has-large-font-size\"><strong>Division 3<\/strong><br><strong>. 3rd<\/strong> Yuki Ide \u2013 Japan<br><strong>. 2nd<\/strong> Genki Itou \u2013 Japan<br><strong>. 1st<\/strong> Natalia Trefon \u2013 Poland<\/p>\n\n\n<div id=\"envira-gallery-wrap-1952\" class=\"envira-gallery-wrap envira-gallery-theme-base envira-lightbox-theme-base\" itemscope itemtype=\"https:\/\/schema.org\/ImageGallery\"><div data-row-height=\"\" data-gallery-theme=\"\" id=\"envira-gallery-1952\" class=\"envira-gallery-public  envira-gallery-3-columns envira-clear enviratope envira-gallery-css-animations\" data-envira-columns=\"3\"><div id=\"envira-gallery-item-1953\" class=\"envira-gallery-item enviratope-item envira-gallery-item-1 envira-lazy-load\" style=\"padding-left: 5px; padding-bottom: 10px; padding-right: 5px;\"  itemscope itemtype=\"https:\/\/schema.org\/ImageObject\"><div class=\"envira-gallery-item-inner\"><div class=\"envira-gallery-position-overlay  envira-gallery-top-left\"><\/div><div class=\"envira-gallery-position-overlay  envira-gallery-top-right\"><\/div><div class=\"envira-gallery-position-overlay  envira-gallery-bottom-left\"><\/div><div class=\"envira-gallery-position-overlay  envira-gallery-bottom-right\"><\/div><a href=\"https:\/\/en.nailympia.asia\/wp-content\/uploads\/2024\/06\/GEL-1-1.jpg\" class=\"envira-gallery-1952 envira-gallery-link\" rel=\"enviragallery1952\" title=\"GEL 1\" data-envira-caption=\"GEL 1\" data-envira-retina=\"\" data-thumbnail=\"\"  itemprop=\"contentUrl\"><div class=\"envira-lazy\" data-test-width=\"640\" data-test-height=\"480\" style=\"padding-bottom:75%;\"><img decoding=\"async\" id=\"envira-gallery-image-1953\" class=\"envira-gallery-image envira-gallery-image-1\" data-envira-index=\"1\" src=\"https:\/\/en.nailympia.asia\/wp-content\/uploads\/2024\/06\/GEL-1-1-1024x683-640x480.jpg\" data-envira-src=\"https:\/\/en.nailympia.asia\/wp-content\/uploads\/2024\/06\/GEL-1-1-1024x683-640x480.jpg\" data-envira-gallery-id=\"1952\" data-envira-item-id=\"1953\" data-envira-caption=\"GEL 1\" alt=\"\" title=\"GEL 1\"  itemprop=\"thumbnailUrl\" data-envira-srcset=\"https:\/\/en.nailympia.asia\/wp-content\/uploads\/2024\/06\/GEL-1-1-1024x683-640x480.jpg 400w,https:\/\/en.nailympia.asia\/wp-content\/uploads\/2024\/06\/GEL-1-1-1024x683-640x480.jpg 2x\" srcset=\"data:image\/gif;base64,R0lGODlhAQABAIAAAP\/\/\/\/\/\/\/yH5BAEKAAEALAAAAAABAAEAAAICTAEAOw==\" \/><\/div><\/a><\/div><\/div><div id=\"envira-gallery-item-1954\" class=\"envira-gallery-item enviratope-item envira-gallery-item-2 envira-lazy-load\" style=\"padding-left: 5px; padding-bottom: 10px; padding-right: 5px;\"  itemscope itemtype=\"https:\/\/schema.org\/ImageObject\"><div class=\"envira-gallery-item-inner\"><div class=\"envira-gallery-position-overlay  envira-gallery-top-left\"><\/div><div class=\"envira-gallery-position-overlay  envira-gallery-top-right\"><\/div><div class=\"envira-gallery-position-overlay  envira-gallery-bottom-left\"><\/div><div class=\"envira-gallery-position-overlay  envira-gallery-bottom-right\"><\/div><a href=\"https:\/\/en.nailympia.asia\/wp-content\/uploads\/2024\/06\/GEL-2.jpg\" class=\"envira-gallery-1952 envira-gallery-link\" rel=\"enviragallery1952\" title=\"GEL 2\" data-envira-caption=\"GEL 2\" data-envira-retina=\"\" data-thumbnail=\"\"  itemprop=\"contentUrl\"><div class=\"envira-lazy\" data-test-width=\"640\" data-test-height=\"480\" style=\"padding-bottom:75%;\"><img decoding=\"async\" id=\"envira-gallery-image-1954\" class=\"envira-gallery-image envira-gallery-image-2\" data-envira-index=\"2\" src=\"https:\/\/en.nailympia.asia\/wp-content\/uploads\/2024\/06\/GEL-2-1024x683-640x480.jpg\" data-envira-src=\"https:\/\/en.nailympia.asia\/wp-content\/uploads\/2024\/06\/GEL-2-1024x683-640x480.jpg\" data-envira-gallery-id=\"1952\" data-envira-item-id=\"1954\" data-envira-caption=\"GEL 2\" alt=\"\" title=\"GEL 2\"  itemprop=\"thumbnailUrl\" data-envira-srcset=\"https:\/\/en.nailympia.asia\/wp-content\/uploads\/2024\/06\/GEL-2-1024x683-640x480.jpg 400w,https:\/\/en.nailympia.asia\/wp-content\/uploads\/2024\/06\/GEL-2-1024x683-640x480.jpg 2x\" srcset=\"data:image\/gif;base64,R0lGODlhAQABAIAAAP\/\/\/\/\/\/\/yH5BAEKAAEALAAAAAABAAEAAAICTAEAOw==\" \/><\/div><\/a><\/div><\/div><div id=\"envira-gallery-item-1955\" class=\"envira-gallery-item enviratope-item envira-gallery-item-3 envira-lazy-load\" style=\"padding-left: 5px; padding-bottom: 10px; padding-right: 5px;\"  itemscope itemtype=\"https:\/\/schema.org\/ImageObject\"><div class=\"envira-gallery-item-inner\"><div class=\"envira-gallery-position-overlay  envira-gallery-top-left\"><\/div><div class=\"envira-gallery-position-overlay  envira-gallery-top-right\"><\/div><div class=\"envira-gallery-position-overlay  envira-gallery-bottom-left\"><\/div><div class=\"envira-gallery-position-overlay  envira-gallery-bottom-right\"><\/div><a href=\"https:\/\/en.nailympia.asia\/wp-content\/uploads\/2024\/06\/GEL-3.jpg\" class=\"envira-gallery-1952 envira-gallery-link\" rel=\"enviragallery1952\" title=\"GEL 3\" data-envira-caption=\"GEL 3\" data-envira-retina=\"\" data-thumbnail=\"\"  itemprop=\"contentUrl\"><div class=\"envira-lazy\" data-test-width=\"640\" data-test-height=\"480\" style=\"padding-bottom:75%;\"><img decoding=\"async\" id=\"envira-gallery-image-1955\" class=\"envira-gallery-image envira-gallery-image-3\" data-envira-index=\"3\" src=\"https:\/\/en.nailympia.asia\/wp-content\/uploads\/2024\/06\/GEL-3-1024x683-640x480.jpg\" data-envira-src=\"https:\/\/en.nailympia.asia\/wp-content\/uploads\/2024\/06\/GEL-3-1024x683-640x480.jpg\" data-envira-gallery-id=\"1952\" data-envira-item-id=\"1955\" data-envira-caption=\"GEL 3\" alt=\"\" title=\"GEL 3\"  itemprop=\"thumbnailUrl\" data-envira-srcset=\"https:\/\/en.nailympia.asia\/wp-content\/uploads\/2024\/06\/GEL-3-1024x683-640x480.jpg 400w,https:\/\/en.nailympia.asia\/wp-content\/uploads\/2024\/06\/GEL-3-1024x683-640x480.jpg 2x\" srcset=\"data:image\/gif;base64,R0lGODlhAQABAIAAAP\/\/\/\/\/\/\/yH5BAEKAAEALAAAAAABAAEAAAICTAEAOw==\" \/><\/div><\/a><\/div><\/div><div id=\"envira-gallery-item-1956\" class=\"envira-gallery-item enviratope-item envira-gallery-item-4 envira-lazy-load\" style=\"padding-left: 5px; padding-bottom: 10px; padding-right: 5px;\"  itemscope itemtype=\"https:\/\/schema.org\/ImageObject\"><div class=\"envira-gallery-item-inner\"><div class=\"envira-gallery-position-overlay  envira-gallery-top-left\"><\/div><div class=\"envira-gallery-position-overlay  envira-gallery-top-right\"><\/div><div class=\"envira-gallery-position-overlay  envira-gallery-bottom-left\"><\/div><div class=\"envira-gallery-position-overlay  envira-gallery-bottom-right\"><\/div><a href=\"https:\/\/en.nailympia.asia\/wp-content\/uploads\/2024\/06\/GEL-4.jpg\" class=\"envira-gallery-1952 envira-gallery-link\" rel=\"enviragallery1952\" title=\"GEL 4\" data-envira-caption=\"GEL 4\" data-envira-retina=\"\" data-thumbnail=\"\"  itemprop=\"contentUrl\"><div class=\"envira-lazy\" data-test-width=\"640\" data-test-height=\"480\" style=\"padding-bottom:75%;\"><img decoding=\"async\" id=\"envira-gallery-image-1956\" class=\"envira-gallery-image envira-gallery-image-4\" data-envira-index=\"4\" src=\"https:\/\/en.nailympia.asia\/wp-content\/uploads\/2024\/06\/GEL-4-1024x683-640x480.jpg\" data-envira-src=\"https:\/\/en.nailympia.asia\/wp-content\/uploads\/2024\/06\/GEL-4-1024x683-640x480.jpg\" data-envira-gallery-id=\"1952\" data-envira-item-id=\"1956\" data-envira-caption=\"GEL 4\" alt=\"\" title=\"GEL 4\"  itemprop=\"thumbnailUrl\" data-envira-srcset=\"https:\/\/en.nailympia.asia\/wp-content\/uploads\/2024\/06\/GEL-4-1024x683-640x480.jpg 400w,https:\/\/en.nailympia.asia\/wp-content\/uploads\/2024\/06\/GEL-4-1024x683-640x480.jpg 2x\" srcset=\"data:image\/gif;base64,R0lGODlhAQABAIAAAP\/\/\/\/\/\/\/yH5BAEKAAEALAAAAAABAAEAAAICTAEAOw==\" \/><\/div><\/a><\/div><\/div><div id=\"envira-gallery-item-1957\" class=\"envira-gallery-item enviratope-item envira-gallery-item-5 envira-lazy-load\" style=\"padding-left: 5px; padding-bottom: 10px; padding-right: 5px;\"  itemscope itemtype=\"https:\/\/schema.org\/ImageObject\"><div class=\"envira-gallery-item-inner\"><div class=\"envira-gallery-position-overlay  envira-gallery-top-left\"><\/div><div class=\"envira-gallery-position-overlay  envira-gallery-top-right\"><\/div><div class=\"envira-gallery-position-overlay  envira-gallery-bottom-left\"><\/div><div class=\"envira-gallery-position-overlay  envira-gallery-bottom-right\"><\/div><a href=\"https:\/\/en.nailympia.asia\/wp-content\/uploads\/2024\/06\/GEL-5.jpg\" class=\"envira-gallery-1952 envira-gallery-link\" rel=\"enviragallery1952\" title=\"GEL 5\" data-envira-caption=\"GEL 5\" data-envira-retina=\"\" data-thumbnail=\"\"  itemprop=\"contentUrl\"><div class=\"envira-lazy\" data-test-width=\"640\" data-test-height=\"480\" style=\"padding-bottom:75%;\"><img decoding=\"async\" id=\"envira-gallery-image-1957\" class=\"envira-gallery-image envira-gallery-image-5\" data-envira-index=\"5\" src=\"https:\/\/en.nailympia.asia\/wp-content\/uploads\/2024\/06\/GEL-5-1024x683-640x480.jpg\" data-envira-src=\"https:\/\/en.nailympia.asia\/wp-content\/uploads\/2024\/06\/GEL-5-1024x683-640x480.jpg\" data-envira-gallery-id=\"1952\" data-envira-item-id=\"1957\" data-envira-caption=\"GEL 5\" alt=\"\" title=\"GEL 5\"  itemprop=\"thumbnailUrl\" data-envira-srcset=\"https:\/\/en.nailympia.asia\/wp-content\/uploads\/2024\/06\/GEL-5-1024x683-640x480.jpg 400w,https:\/\/en.nailympia.asia\/wp-content\/uploads\/2024\/06\/GEL-5-1024x683-640x480.jpg 2x\" srcset=\"data:image\/gif;base64,R0lGODlhAQABAIAAAP\/\/\/\/\/\/\/yH5BAEKAAEALAAAAAABAAEAAAICTAEAOw==\" \/><\/div><\/a><\/div><\/div><div id=\"envira-gallery-item-1958\" class=\"envira-gallery-item enviratope-item envira-gallery-item-6 envira-lazy-load\" style=\"padding-left: 5px; padding-bottom: 10px; padding-right: 5px;\"  itemscope itemtype=\"https:\/\/schema.org\/ImageObject\"><div class=\"envira-gallery-item-inner\"><div class=\"envira-gallery-position-overlay  envira-gallery-top-left\"><\/div><div class=\"envira-gallery-position-overlay  envira-gallery-top-right\"><\/div><div class=\"envira-gallery-position-overlay  envira-gallery-bottom-left\"><\/div><div class=\"envira-gallery-position-overlay  envira-gallery-bottom-right\"><\/div><a href=\"https:\/\/en.nailympia.asia\/wp-content\/uploads\/2024\/06\/GEL-6.jpg\" class=\"envira-gallery-1952 envira-gallery-link\" rel=\"enviragallery1952\" title=\"GEL 6\" data-envira-caption=\"GEL 6\" data-envira-retina=\"\" data-thumbnail=\"\"  itemprop=\"contentUrl\"><div class=\"envira-lazy\" data-test-width=\"640\" data-test-height=\"480\" style=\"padding-bottom:75%;\"><img decoding=\"async\" id=\"envira-gallery-image-1958\" class=\"envira-gallery-image envira-gallery-image-6\" data-envira-index=\"6\" src=\"https:\/\/en.nailympia.asia\/wp-content\/uploads\/2024\/06\/GEL-6-1024x683-640x480.jpg\" data-envira-src=\"https:\/\/en.nailympia.asia\/wp-content\/uploads\/2024\/06\/GEL-6-1024x683-640x480.jpg\" data-envira-gallery-id=\"1952\" data-envira-item-id=\"1958\" data-envira-caption=\"GEL 6\" alt=\"\" title=\"GEL 6\"  itemprop=\"thumbnailUrl\" data-envira-srcset=\"https:\/\/en.nailympia.asia\/wp-content\/uploads\/2024\/06\/GEL-6-1024x683-640x480.jpg 400w,https:\/\/en.nailympia.asia\/wp-content\/uploads\/2024\/06\/GEL-6-1024x683-640x480.jpg 2x\" srcset=\"data:image\/gif;base64,R0lGODlhAQABAIAAAP\/\/\/\/\/\/\/yH5BAEKAAEALAAAAAABAAEAAAICTAEAOw==\" \/><\/div><\/a><\/div><\/div><\/div><\/div><noscript><img decoding=\"async\" src=\"https:\/\/en.nailympia.asia\/wp-content\/uploads\/2024\/06\/GEL-1-1.jpg\" alt=\"\" \/><img decoding=\"async\" src=\"https:\/\/en.nailympia.asia\/wp-content\/uploads\/2024\/06\/GEL-2.jpg\" alt=\"\" \/><img decoding=\"async\" src=\"https:\/\/en.nailympia.asia\/wp-content\/uploads\/2024\/06\/GEL-3.jpg\" alt=\"\" \/><img decoding=\"async\" src=\"https:\/\/en.nailympia.asia\/wp-content\/uploads\/2024\/06\/GEL-4.jpg\" alt=\"\" \/><img decoding=\"async\" src=\"https:\/\/en.nailympia.asia\/wp-content\/uploads\/2024\/06\/GEL-5.jpg\" alt=\"\" \/><img decoding=\"async\" src=\"https:\/\/en.nailympia.asia\/wp-content\/uploads\/2024\/06\/GEL-6.jpg\" alt=\"\" \/><\/noscript>\n<\/div>\n","protected":false},"excerpt":{"rendered":"<p>NAILYMPIA VIETNAM 2024 &#8211; GEL POLISH MANICURE Division 1. 3rd Mai Ng\u1ecdc \u2013 Vietnam. 2nd L\u00fd B\u00edch Ch\u00e2u \u2013 Vietnam. 1st L\u00ea Kh\u00e1nh \u2013 Vietnam Division 2. 3rd Le Anh \u2013 Vietnam. 2nd Nguyen Ngoc Phuong \u2013 Vietnam. 1st Nguy\u1ec5n H\u1ed3ng Ng\u1ecdc \u2013 Vietnam Division 3. 3rd Yuki Ide \u2013 Japan. 2nd Genki Itou \u2013 [&hellip;]<\/p>\n","protected":false},"author":1,"featured_media":0,"parent":0,"menu_order":0,"comment_status":"closed","ping_status":"closed","template":"wp-custom-template-main-pages","meta":{"footnotes":""},"featured_image_urls":{"full":"","thumbnail":"","medium":"","medium_large":"","large":"","gs-tiny":"","xl":"","xxl":"","xxxl":"","xxxxl":"","xxxxxl":"","1536x1536":"","2048x2048":""},"post_excerpt_stackable":"<p>NAILYMPIA VIETNAM 2024 &#8211; GEL POLISH MANICURE Division 1. 3rd Mai Ng\u1ecdc \u2013 Vietnam. 2nd L\u00fd B\u00edch Ch\u00e2u \u2013 Vietnam. 1st L\u00ea Kh\u00e1nh \u2013 Vietnam Division 2. 3rd Le Anh \u2013 Vietnam. 2nd Nguyen Ngoc Phuong \u2013 Vietnam. 1st Nguy\u1ec5n H\u1ed3ng Ng\u1ecdc \u2013 Vietnam Division 3. 3rd Yuki Ide \u2013 Japan. 2nd Genki Itou \u2013 Japan. 1st Natalia Trefon \u2013 Poland<\/p>\n","category_list":"","author_info":{"name":"anhnguyen","url":"https:\/\/en.nailympia.asia\/index.php\/author\/anhnguyen\/"},"comments_num":"0 comments","aioseo_notices":[],"_links":{"self":[{"href":"https:\/\/en.nailympia.asia\/index.php\/wp-json\/wp\/v2\/pages\/2095"}],"collection":[{"href":"https:\/\/en.nailympia.asia\/index.php\/wp-json\/wp\/v2\/pages"}],"about":[{"href":"https:\/\/en.nailympia.asia\/index.php\/wp-json\/wp\/v2\/types\/page"}],"author":[{"embeddable":true,"href":"https:\/\/en.nailympia.asia\/index.php\/wp-json\/wp\/v2\/users\/1"}],"replies":[{"embeddable":true,"href":"https:\/\/en.nailympia.asia\/index.php\/wp-json\/wp\/v2\/comments?post=2095"}],"version-history":[{"count":3,"href":"https:\/\/en.nailympia.asia\/index.php\/wp-json\/wp\/v2\/pages\/2095\/revisions"}],"predecessor-version":[{"id":2112,"href":"https:\/\/en.nailympia.asia\/index.php\/wp-json\/wp\/v2\/pages\/2095\/revisions\/2112"}],"wp:attachment":[{"href":"https:\/\/en.nailympia.asia\/index.php\/wp-json\/wp\/v2\/media?parent=2095"}],"curies":[{"name":"wp","href":"https:\/\/api.w.org\/{rel}","templated":true}]}}